ase 13
563
-2767 (base 9) to base 2
-100000100110
165aa (base 11) to base 6
300040
Convert -958 (base 15) to base 8.
-4074
-851 (base 13) to base 14
-734
-1196 (base 10) to base 6
-5312
1034311 (base 6) to base 12
25997
1455 (base 16) to base 9
7123
-3406 (base 12) to base 6
-42410
What is -425 (base 8) in base 2?
-100010101
What is -3303 (base 8) in base 3?
-2101010
Convert 158 (base 14) to base 15.
134
What is -28400 (base 9) in base 15?
-5aa3
What is 111202122 (base 3) in base 16?
2732
-1200210 (base 3) to base 14
-644
4141 (base 7) to base 16
5aa
131145 (base 6) to base 8
27251
Convert 12203 (base 4) to base 13.
263
698 (base 10) to base 15
318
-72a (base 11) to base 3
-1012120
Convert 10001110 (base 3) to base 9.
3043
What is 217f (base 16) in base 13?
3b98
-1111001021 (base 3) to base 14
-a8d4
1863 (base 11) to base 9
3221
Convert -173 (base 16) to base 9.
-452
Convert -18ad (base 14) to base 5.
-120330
What is -10313002 (base 4) in base 7?
-112015
a77 (base 15) to base 10
2362
Convert -569a (base 13) to base 5.
-342001
Convert 211000 (base 3) to base 16.
252
134635 (base 7) to base 3
1022020221
1011100 (base 2) to base 9
112
Convert -1370 (base 10) to base 5.
-20440
1041 (base 8) to base 7
1406
What is 10162 (base 8) in base 10?
4210
Convert -10c (base 16) to base 8.
-414
4381 (base 9) to base 8
6240
What is 402322 (base 6) in base 4?
13232222
3113333 (base 4) to base 12
7bbb
4541 (base 7) to base 6
11342
What is 12101 (base 3) in base 6?
401
-32605 (base 9) to base 13
-9b00
b669 (base 15) to base 8
113256
432 (base 9) to base 2
101100001
What is -2af (base 16) in base 14?
-371
-111011010001111 (base 2) to base 9
-45563
3611 (base 7) to base 14
6b1
Convert -3654 (base 7) to base 11.
-1029
What is 2d06 (base 16) in base 15?
3636
Convert -21234 (base 6) to base 12.
-181a
What is 17cb (base 13) in base 2?
110111011011
What is -143162 (base 7) in base 8?
-65615
-1365 (base 7) to base 14
-2a5
16b (base 12) to base 3
22102
What is 14040 (base 5) in base 15?
515
What is -120211 (base 3) in base 9?
-524
What is 21 (base 3) in base 11?
7
5564 (base 12) to base 14
3620
Convert 1d (base 14) to base 2.
11011
-2845 (base 9) to base 11
-1682
What is -32e0 (base 16) in base 11?
-9870
What is 9296 (base 11) in base 15?
39bb
Convert -34305 (base 7) to base 8.
-21027
What is -20001001 (base 3) in base 15?
-1487
What is -432213 (base 5) in base 13?
-68b6
Convert 524 (base 14) to base 7.
2644
Convert -11340 (base 9) to base 5.
-220234
Convert 22111 (base 5) to base 15.
6c1
Convert -107 (base 14) to base 16.
-cb
What is -10101 (base 4) in base 3?
-101010
What is -65 (base 15) in base 14?
-6b
What is -1001110100 (base 2) in base 12?
-444
507 (base 11) to base 14
31a
1010100110111 (base 2) to base 6
41051
What is 5411 (base 7) in base 14?
9b1
-22221 (base 3) to base 13
-157
4051 (base 7) to base 2
10110000000
Convert -28 (base 13) to base 15.
-24
Convert 2201230 (base 4) to base 3.
112012021
-651a (base 11) to base 5
-233422
What is 1001222 (base 3) in base 7?
2165
Convert 1451 (base 10) to base 9.
1882
-492 (base 11) to base 7
-1464
Convert -220222 (base 3) to base 16.
-2a2
Convert -2504 (base 12) to base 5.
-113210
What is 1013 (base 9) in base 14?
3ad
What is d604 (base 15) in base 5?
2421404
Convert -101110110 (base 2) to base 8.
-566
-624 (base 8) to base 11
-338
What is -22102131 (base 4) in base 16?
-a49d
Convert -424 (base 13) to base 15.
-321
Convert -2323 (base 12) to base 10.
-3915
Convert 10101221 (base 3) to base 7.
10144
-22164 (base 11) to base 2
-111110110000111
7ce2 (base 15) to base 14
9957
What is -3242 (base 8) in base 6?
-11510
Convert -111110001010101 (base 2) to base 14.
-b857
Convert -43260 (base 10) to base 4.
-22203330
What is 65a4 (base 11) in base 8?
21001
Convert -19664 (base 10) to base 4.
-10303100
53445 (base 6) to base 14
2937
-10111101 (base 2) to base 11
-162
-1425 (base 7) to base 3
-202200
What is 858c (base 14) in base 10?
23056
Convert 50344 (base 6) to base 16.
19d8
What is 7a (base 13) in base 14?
73
8a31 (base 12) to base 4
3233011
Convert -155342 (base 6) to base 14.
-58d0
Convert 879 (base 10) to base 3.
1012120
127cb (base 14) to base 8
130617
-41454 (base 6) to base 3
-21122121
-210100 (base 3) to base 16
-240
73a6 (base 11) to base 8
23104
Convert 100001011100110 (base 2) to base 12.
9ab2
11245 (base 6) to base 16
64d
-1220000102 (base 3) to base 7
-213266
What is -661 (base 9) in base 2?
-1000011101
What is -101021121 (base 3) in base 10?
-7495
What is 3066 (base 9) in base 2?
100011000111
What is -3928 (base 12) in base 8?
-14560
-3233 (base 4) to base 5
-1424
-244 (base 13) to base 5
-3034
Convert -322033 (base 4) to base 13.
-1909
122120 (base 3) to base 9
576
Convert 3375 (base 8) to base 7.
5134
-3162 (base 9) to base 8
-4424
-7c0 (base 13) to base 2
-10100111011
Convert 471 (base 9) to base 3.
112101
-15552 (base 6) to base 16
-a1c
What is -12242 (base 5) in base 16?
-3b3
200 (base 16) to base 12
368
What is 7586 (base 9) in base 8?
12722
e3 (base 16) to base 3
22102
Convert -3012 (base 5) to base 14.
-1d4
What is -1c77 (base 13) in base 3?
-12221010
What is -1015 (base 12) in base 9?
-2348
What is -5764 (base 11) in base 7?
-31035
What is -3032 (base 5) in base 16?
-188
What is -ad (base 15) in base 3?
-20001
20a (base 14) to base 7
1113
-2a0 (base 11) to base 3
-111001
Convert 5e (base 16) to base 7.
163
What is -1221200112 (base 3) in base 5?
-2212113
What is 2576 (base 12) in base 14?
17aa
What is -20201 (base 3) in base 13?
-10c
-89 (base 14) to base 13
-94
Convert 226 (base 11) to base 15.
130
-417 (base 15) to base 14
-49c
What is -1aa (base 15) in base 12?
-281
What is 13581 (base 9) in base 2?
10010000001010
What is 1bb (base 15) in base 14?
209
Convert 18596 (base 11) to base 15.
7a84
-4102 (base 5) to base 14
-299
-111020 (base 3) to base 7
-1020
What is -330451 (base 6) in base 3?
-1101120111
Convert -20001021 (base 3) to base 4.
-1010320
What is -660 (base 8) in base 3?
-121000
Convert -62212 (base 8) to base 2.
-110010010001010
Convert 3014414 (base 5) to base 9.
72884
Convert 2334 (base 5) to base 15.
17e
Convert 121102 (base 4) to base 14.
838
24624 (base 7) to base 3
22220020
-1110010101 (base 2) to base 9
-1228
41312 (base 5) to base 13
1303
110021112 (base 3) to base 12
521b
Convert -6a (base 11) to base 2.
-1001100
What is -3130124 (base 5) in base 8?
-145312
Convert 17360 (base 8) to base 12.
4700
-33367 (base 8) to base 4
-3123313
What is -482 (base 12) in base 11?
-563
What is 1663 (base 9) in base 3?
1202010
What is -14267 (base 9) in base 2?
-10010111100100
Convert 7477 (base 16) to base 2.
111010001110111
-1ba3 (base 12) to base 10
-3435
Convert -441131 (base 5) to base 9.
-22721
What is 2144 (base 14) in base 15?
1a7e
252a4 (base 12) to base 14
145ac
-5b0 (base 16) to base 11
-1104
Convert 1224040 (base 6) to base 2.
10000000010011000
Convert 1346 (base 12) to base 3.
10001000
-2de8 (base 15) to base 8
-23245
-7091 (base 14) to base 15
-5ae0
Convert -201323 (base 4) to base 15.
-99b
Convert 331203 (base 4) to base 16.
f63
245a (base 14) to base 10
6352
1655 (base 7) to base 16
2a5
Convert 127065 (base 8) to base 2.
1010111000110101
What is -1540 (base 7) in base 3?
-211211
-1110310 (base 5) to base 6
-230023
-471 (base 10) to base 16
-1d7
Convert 138a7 (base 11) to base 7.
111330
3c (base 13) to base 14
39
Convert -1011000010 (base 2) to base 10.
-706
What is 1310 (base 7) in base 3?
200102
Convert -14616 (base 8) to base 2.
-1100110001110
-4064 (base 7) to base 5
-21133
Convert 8b (base 13) to base 5.
430
-52505 (base 7) to base 2
-11001010001101
Convert -14433 (base 6) to base 15.
-a50
Convert 73 (base 8) to base 13.
47
What is -1011010101000111 (base 2) in base 14?
-12cab
What is 8b9a (base 12) in base 13?
70b4
114 (base 14) to base 10
214
What is 1769 (base 10) in base 4?
123221
382 (base 12) to base 3
201122
Convert 12666 (base 7) to base 8.
6545
Convert -5902 (base 11) to base 7.
-31404
What is 3103313 (base 4) in base 12?
7a1b
What is 10020233 (base 4) in base 8?
41057
Convert d256 (base 14) to base 10.
36140
Convert -65b2 (base 14) to base 3.
-220010212
-100001011 (base 3) to base 12
-3994
Convert 18189 (base 14) to base 6.
1144541
What is -5115 (base 10) in base 7?
